pose 3*y - 2*t = 25, -21*t = 4*y - 17*t - 60. Calculate the remainder when 141 is divided by y.
9
Let i(s) = 9*s - 5. Suppose -4*l = -f - 2*f + 575, 5*f - 3*l - 962 = 0. What is the remainder when f is divided by i(6)?
46
Let a be 3/((-2)/(-6) + 32/48). Suppose 0 = -2*h - a*v + 108, 3*v + 2*v - 216 = -4*h. What is the remainder when h is divided by 29?
25
Let f be 8/10*(-275)/22. Calculate the remainder when ((-35)/f)/(-7)*-98 is divided by 13.
10
Let p = 26 + -19. Let t(u) = u**2 - 5*u - 2. What is the remainder when 34 is divided by t(p)?
10
What is the remainder when 5 + 49 + (-18)/9 is divided by 7?
3
Suppose -5*s = 111 + 109. Calculate the remainder when s/(-11) - (0 + -41) is divided by 2*(3 - -1)*2.
13
Suppose -a - 3*p + 4 = -0*p, 5*a + p - 6 = 0. Suppose -v - a = -16. What is the remainder when 39 is divided by v?
9
Suppose 34*a = 10*a + 5256. What is the remainder when a is divided by 44?
43
Let z = 25 - 133. Let v = z - -125. Calculate the remainder when 32 is divided by v.
15
Suppose 0 = -0*j - 5*j + 80. Suppose 9*y - 136 - 134 = 0. What is the remainder when y is divided by j?
14
Let z(o) = -4*o**3 + 2*o**2. Suppose -4*k - 2*s + 50 = -36, 0 = -2*k + s + 41. Calculate the remainder when z(-2) is divided by k.
19
Let m(q) = 3*q - 24. Let x be m(8). Calculate the remainder when 154 is divided by (-230)/(-6) - (2/(-3) - x).
37
Let q = -51 - -75. Let r be ((-18)/(-8))/(q/32). Suppose r*z + 3*f = 186, -38 = -2*z + 3*f + 111. What is the remainder when z is divided by 17?
16
Suppose -p + 5*p = -2*m + 134, -2*m + 169 = 5*p. What is the remainder when -1 + p - (-2 - 0) is divided by -23 - -12 - -4 - -20?
10
Let a = 891 - 872. Calculate the remainder when 65 is divided by a.
8
Suppose -5*a = -31*p + 36*p - 1395, 0 = 4*a + 5*p - 1117. Calculate the remainder when a is divided by 19.
12
Let x = -140 + 140. Suppose 4*q - 9*q + 55 = x. Calculate the remainder when 40 is divided by q.
7
Suppose -5*j - 44 = 4*c - 164, -4*j + 96 = 2*c. Suppose -6*x + 2*x + 180 = -5*v, 4*x - 4*v - 180 = 0. Calculate the remainder when x is divided by j.
21
Let j(r) = -34*r - 7. Let y be j(-8). Calculate the remainder when 1 - 1*y/(-5) is divided by 19.
16
Let n(g) = 5*g**2 - 5*g - 2. Let l be n(4). Let q = l - 41. Let h = 20 + -14. What is the remainder when q is divided by h?
5
Let f(g) = -g**3 - 4*g**2 + 70*g + 13. Calculate the remainder when 436 is divided by f(6).
71
Suppose -3*u + 6 = -6*u. Calculate the remainder when 41 is divided by 80/((-8)/u) - -3.
18
Let v(z) = z**2 - 12 - 2*z**2 - 5*z - 6*z. Let t = -53 - -104. Calculate the remainder when t is divided by v(-5).
15
What is the remainder when 44 is divided by (2/(10/25) + -4)*24?
20
Suppose -2 = 5*p - q - 6, -5*p - 3*q = 12. Let d = -5 + p. Let b = 15 + d. What is the remainder when b is divided by 6?
4
Let o = 3 - -34. Let r be 12/7*(6 + (-255)/(-10)). Let a = r - o. What is the remainder when 47 is divided by a?
13
Let w = 10 - -75. Let o(r) = 22*r**2 + 3*r - 3. What is the remainder when w is divided by o(1)?
19
Suppose 57 = 5*b - b + 3*v, b - 3*v - 33 = 0. Calculate the remainder when b is divided by 5.
3
Let s(v) = -v**2 - 5*v + 46. What is the remainder when 339 is divided by s(-9)?
9
Suppose 130*i + g - 246 = 126*i, -3*g + 6 = 0. What is the remainder when 120 is divided by i?
59
Suppose -3*l - 86 = -101. Suppose -2*d + 3*v = -25, -l*v - 16 - 23 = -3*d. Let o = -3 - -5. What is the remainder when d is divided by o?
0
Suppose 5*t = 5*a - 20, t + 12 = 5*a + 4. What is the remainder when t/(140/76 + -2) is divided by 7?
5
Let c(x) be the second derivative of x**4/12 + 7*x**3/3 - 6*x**2 - 10*x. Let q be c(-14). Let p(d) = -d + 3. What is the remainder when 59 is divided by p(q)?
14
Let h(m) = -48*m + 2737. Let d(y) = y**3 - 4*y**2 - 9*y + 7. What is the remainder when h(55) is divided by d(6)?
22
Suppose 3*a = 2*j + 69, -j = -5*a - 4*j + 115. Calculate the remainder when a + -2 + 2 + 1 is divided by 14.
10
Let z be (735/60)/((-1)/(-8)). Calculate the remainder when 3 is divided by 4/6 + z/42.
0
Suppose 0 = 5*a + 7*m - 12*m - 115, 2*a - 5*m - 37 = 0. Suppose 5*f = 8*f - 45. Calculate the remainder when a is divided by f.
11
Suppose 0 = -4*k + 2*k - 2*i + 2532, 2*k + 4*i = 2530. Calculate the remainder when k is divided by 47.
45
Suppose -8*z + 172 = -20. Suppose m = z + 51. Calculate the remainder when m is divided by 21.
12
Suppose -51 = -3*g - 2*p, -5*g + 2*g + 72 = -5*p. Calculate the remainder when 113 is divided by g.
18
Suppose -3*m + 3 = 15, -978 = -5*n + 2*m. Suppose -5*j + n = 14. Calculate the remainder when j is divided by 14.
8
Suppose -17*q + 28*q = 209. Calculate the remainder when q is divided by 12.
7
Suppose 0 = -5*w - 2*x + 4*x + 1099, 4*w - 2*x - 880 = 0. Suppose -2*c = 5*c - 308. What is the remainder when w is divided by c?
43
Let k(c) = -c**3 + 8*c**2 - 4*c - 25. Let q be k(7). What is the remainder when (1/q)/((-31)/15500) is divided by 32?
29
Let h(w) = w**3 + 6*w**2 + 3*w - 1. Let n(a) = a + 1. Let y(t) = h(t) + 3*n(t). What is the remainder when (1 + 2/(-3))*(38 - (2 + -15)) is divided by y(-4)?
7
Suppose 2*a - 2107 = -5*a. Suppose 4*x + 2*t = -t + a, -4 = 4*t. What is the remainder when x is divided by 39?
37
Suppose -532 = -5*d + 2*j, 4*j + 316 = 3*d + 2*j. Let o = d + -54. Suppose -39*w + 429 = -0*w. What is the remainder when o is divided by w?
10
Suppose 4*w - 3*w - 3*l = 47, -3*w + l + 149 = 0. What is the remainder when w is divided by 16?
2
Let i(o) = -o**2 + 3*o - 9*o - 9 - 7*o + 0*o**2. What is the remainder when 41 is divided by i(-10)?
20
Let b be 5 + -5 - (0 + 0). Suppose -h + 259 = h - c, 3*h + 5*c - 382 = b. Suppose -790 = -30*w - 130. What is the remainder when h is divided by w?
19
Let h(d) = -78*d**3 - d**2 - 2*d - 1. Let z(g) = -7*g + 0*g + 2*g - 15 + 0*g. What is the remainder when h(-1) is divided by z(-7)?
18
Let d(y) = -14*y**2 + 26. Let f(o) = 5*o**2 - 9. Let i(g) = 6*d(g) + 17*f(g). What is the remainder when (-1)/3*-102 + 1 is divided by i(3)?
11
Let h(p) = 8*p + 7. Calculate the remainder when h(6) is divided by 4/((-16)/(-68)) - 3.
13
Let a = 978 - 939. What is the remainder when 347 is divided by a?
35
Let k = 643 + -476. Calculate the remainder when k is divided by 10.
7
Suppose 20*s = 278 - 98. Calculate the remainder when 41 is divided by s.
5
Let d(a) = -75*a - 11. What is the remainder when d(-2) is divided by 35?
34
Calculate the remainder when 561 is divided by (-2)/((35 - 38) + 278/94).
44
Suppose 5*u + 10 = -a, 5*u + 0*a - 4*a = 15. Let p(o) = 61*o**2 - 2*o - 2. What is the remainder when p(u) is divided by 32?
29
Let y = -436 - -576. Calculate the remainder when 291 is divided by y.
11
Suppose 5*k = 597 + 173. Suppose -8*q + q + k = 0. What is the remainder when 64 is divided by q?
20
Let z = -86 + 119. Suppose 3*c = 18 + 21. Let r = 25 - c. What is the remainder when z is divided by r?
9
Suppose 8*c - 536 - 120 = 0. Suppose -7*m = -23 - c. Calculate the remainder when m is divided by 6.
3
Let u(j) = -20*j - 1. Let i(v) = 2*v**2 - 4*v - 10. Calculate the remainder when u(-3) is divided by i(5).
19
Let r(j) = j**2 - 12. Let t be r(4). Suppose 3*a + t*v - 62 = 0, a - 4*v + 0*v + 6 = 0. What is the remainder when 54 is divided by a?
12
Suppose -5*w + 15 = 3*i - 6*w, -20 = -4*i - w. Suppose 0 = -4*o + 3*t + 193, o = i*t - 35 + 96. Calculate the remainder when o is divided by 25.
21
Let s be 99/(-12)*12/(-9). Let g(z) = s*z - 25*z + 3 + 5*z - 4. Calculate the remainder when g(-5) is divided by 15.
14
Suppose 107*h = -19697 + 197638. Calculate the remainder when h is divided by 52.
51
Suppose -f + 67 = 62. Suppose 0 = f*q - 13*q + 1424. What is the remainder when q is divided by 36?
34
Let k be 0 + -4 + (5 - -3). Suppose 5 = k*x + 9. What is the remainder when x/(-2) - (-616)/16 is divided by 14?
11
Suppose -4*o + 8*o = -24. Let m(p) = -12*p - 15. What is the remainder when m(o) is divided by 15?
12
Suppose 182 = 3*s + 5*j, 0 = -2*s + 4*j + 105 + 53. What is the remainder when s is divided by 15?
9
Suppose -3*m + 5*m = 5*j + 337, 2*j + 169 = m. Calculate the remainder when m is divided by 22.
17
Suppose -14*d + 34*d - 1000 = 0. What is the remainder when 148 is divided by d?
48
Let z(k) = k**2 - k - 2. Let w be z(-2). Let j = -60 + 78. Cal